Let k = 14 - 13. Let z = 6 - 10. Let s = k - z. What are the prime factors of s?
5
Let j be (-155)/(-3) + (-2)/(-6). Suppose j = -t + 8. Let k = -29 - t. What are the prime factors of k?
3, 5
List the prime factors of ((-3)/2)/((-33)/3784).
2, 43
Suppose -4*j = 12, 0*b + 4*b - 3*j = 329. What are the prime factors of b?
2, 5
Suppose t = -3*h + 11, -26 - 9 = -5*t - 5*h. Suppose t*k - 5*z = 160, 4*k = 4*z - 3*z + 119. List the prime factors of k.
29
Let v(k) = -k**3 - 12*k**2 - 25*k - 11. List the prime factors of v(-11).
11, 13
Suppose -4*g = -3*r + 154 + 147, 0 = -2*r - 4*g + 174. List the prime factors of r.
5, 19
Suppose -4*k - 376 = -4*u, 2*u - 3*k - 188 = k. What are the prime factors of u?
2, 47
Let l(r) = r**2 - 2*r + 3. Let h be l(4). Suppose -5*x + h = -39. List the prime factors of x.
2, 5
Let s(b) = 4*b**2 - 1. Let h be s(-1). Suppose 0 = -4*k - h*m + 90, -k - 3*m + 66 = 2*k. List the prime factors of k.
2, 3
Let i be (6 + 2)*(-2)/(-4). Suppose 0 = i*d - 5 - 7. List the prime factors of 21/9*(d + 3).
2, 7
Let r = -23 + 27. List the prime factors of r.
2
Let g = -2 - -22. List the prime factors of g.
2, 5
Let v(a) = -9*a - 4. Let d be v(-3). Let x = -12 + d. What are the prime factors of x?
11
Suppose 2*z - u - 7 = 0, 3*z + 5*u - 3 - 1 = 0. Suppose -k = 2*n - 2, -3*n - 7 = -z*k + 8. What are the prime factors of k?
2
Suppose -5*z + 6 = -s, -4*s - 1 = -2*z - 13. Suppose -9*f + s*f = -235. List the prime factors of f.
47
Suppose 109 = 3*t - 5*r, 0 = 3*t + 4*r - 194 + 49. What are the prime factors of t?
43
Let s(m) = -m**3 - 13*m**2 - 8*m - 9. What are the prime factors of s(-13)?
5, 19
Suppose 0*l = -l + 8. Suppose -16 = -3*f + l. List the prime factors of f.
2
Let q = -2 - -10. Let c = 8 - q. Suppose 4*n = -4*u + 84, c = -2*n - 1 + 7. List the prime factors of u.
2, 3
Let d = -24 - -461. What are the prime factors of d?
19, 23
Suppose 0 = k - 4 - 2. Let h be (k/2)/((-6)/(-4)). Suppose 3*g = h*z + 24, -5*g + 0*z + 35 = -5*z. What are the prime factors of g?
2, 5
Let a(p) = -15*p**2 + 2*p - 1. Let z(l) = -30*l**2 + 5*l - 2. Let h(t) = -5*a(t) + 2*z(t). Suppose 2*u = 3*u - 1. What are the prime factors of h(u)?
2
Let j(p) = p**3 - 2*p + 1. Let w be j(1). Let k = w + 0. Let n = k + 2. List the prime factors of n.
2
Let k(x) = -x + 3. Let f be k(-7). Suppose -t = r - f, r = 2*r - 2*t - 7. What are the prime factors of r?
3
Let l = 19 - -4. What are the prime factors of l?
23
Let o(j) = -j**2 - 7*j - 3. Suppose v = 4*y - 14, -5*v = y + 1 - 15. Suppose -v*x = -4*x - 10. List the prime factors of o(x).
7
Let a be -7*(-3 + (-8)/(-4)). List the prime factors of 2/7 + 61/a.
3
Suppose 3*r + 4*y = 85, -2 = 2*r + 3*y - 58. Let u = r + -19. Suppose 0 = -2*z + 3*z - u. What are the prime factors of z?
2, 3
Let z = -6 + 10. Suppose 0 = -i - 5*d + 9, -4*i - z*d = -14 - 22. List the prime factors of i.
3
Suppose -2*q = -6*q + 208. Suppose 0*l = 4*l - q. What are the prime factors of l?
13
Let p = 8 + -11. Let o be -1*(3 - 2)*p. What are the prime factors of ((-2)/(-4))/(o/48)?
2
Let j = 1 - 1. Suppose 5*m - m - 52 = j. What are the prime factors of m?
13
Suppose 0 = -2*f - f + 357. What are the prime factors of f?
7, 17
Let j(b) be the second derivative of -b**5/20 - 5*b**4/12 - b**3/2 + 3*b**2/2 - 2*b. What are the prime factors of j(-5)?
2, 3
Let q = 6 - -23. List the prime factors of q.
29
Let r(o) = 8*o + 1. Let y(z) = 7*z + 1. Let s(w) = -3*r(w) + 2*y(w). What are the prime factors of s(-2)?
19
Suppose -2*n = 2*n - 12. Suppose -u - n = -13. List the prime factors of u.
2, 5
Let v be 57/9 - 2/6. Suppose 0 = 2*q - 20 + v. What are the prime factors of q?
7
Suppose 6 = -2*a - 0. Let h = a + 3. Let o = h + 9. List the prime factors of o.
3
Let c = 20 + -8. Suppose u + c = 4*u. What are the prime factors of u?
2
Let w(a) = a**2 - 3*a - 8. Let n = 10 + -2. What are the prime factors of w(n)?
2
Let d = 291 - 157. What are the prime factors of d?
2, 67
Let d(a) = -a**3 - 8*a**2 - 8*a - 2. Let u be d(-7). Suppose 33 = u*z + 3. What are the prime factors of z?
2, 3
Suppose 2*k = -3*k + 10. Suppose r - 4 = -d + 1, k = 4*d - 2*r. What are the prime factors of d?
2
Suppose -3*y + 10 = -4*a - 0*a, 4*y = 3*a + 25. Suppose -2*o = -6 - y. List the prime factors of o.
2
Let u be 2 + 1*8/(-4). Suppose 5*n - 4*d + 65 - 311 = u, -4*d = 3*n - 154. List the prime factors of n.
2, 5
Suppose -109 = -2*r + 9. What are the prime factors of r?
59
List the prime factors of (2/(-6))/(1/(-354)).
2, 59
Suppose -4*f + 1472 = -0*f. What are the prime factors of f?
2, 23
Let z = 13 + -6. Suppose 0 = -c + 24 + z. List the prime factors of c.
31
List the prime factors of (-4 + (5 - -42))/1.
43
Suppose 0 = 5*i - 4*p + 23, 4*i = -i + 3*p - 26. What are the prime factors of i*(-3 - 15/(-7))?
2, 3
Let i(u) = u**3 + 9*u**2 + 6*u - 9. Let k be i(-7). Suppose 4*q - 51 = -5*f + 3*q, 0 = -5*f + 3*q + k. What are the prime factors of f?
2, 5
Suppose -b + 14 = -36. Suppose -3*s + b = -s. What are the prime factors of s?
5
Suppose 2*r - 5 = 4*i - 15, 0 = -3*r + 4*i - 9. What are the prime factors of (-4 - r)/((-6)/18)?
3, 5
Let w(c) = -2*c - 10. Let k be w(-7). Suppose -2*m + 1 + 2 = r, -2*m = k. What are the prime factors of r?
7
Let t be 1*2 + (-6)/1. Let q be 94/10 + t/10. Suppose j - q = -0. List the prime factors of j.
3
Let a = 5 + -5. Let w = 0 - a. Suppose 0 = -4*b - w*b + 76. What are the prime factors of b?
19
Let l = 15 - -21. Suppose 3*t - 15 = -l. Let k = 21 + t. What are the prime factors of k?
2, 7
Let n(g) = g**3 + 13*g**2 - 16*g + 15. Let k = 5 + -19. List the prime factors of n(k).
43
Let y(j) = 2*j**2 - 2*j. Let m be y(5). Suppose -w + 6*w - m = 0. List the prime factors of w.
2
Let l be (-3)/((-9)/(-3) + -2). Let z = 10 + l. What are the prime factors of z?
7
Let f(o) = o**2 - 5*o - 10. Let k be f(7). Suppose -y = s - 6*y - 25, 0 = k*s + 5*y. Suppose -q + s*q = 48. What are the prime factors of q?
2, 3
Suppose 3*k - 44 = -k. What are the prime factors of k?
11
Let s = -2 + 7. Suppose -m = -s*m - 4. What are the prime factors of -1*9*m*1?
3
Let g = -435 + 661. What are the prime factors of g?
2, 113
Let k = 49 + -27. Let b be ((-3)/(3/k))/(-1). Suppose 3*m - b - 29 = 0. What are the prime factors of m?
17
Let t be (2/(-6))/(1/(-9)). Suppose -3*k + 13 = 3*m - m, -t*m = 3*k - 15. Suppose -5*x - 8 = 2*y, 23 + 9 = 4*y - m*x. List the prime factors of y.
2, 3
Let z be (-5 - (-4)/2) + 5. What are the prime factors of 3/(1/(5 - z))?
3
List the prime factors of 53 + (2 + -1 - 24/8).
3, 17
Suppose b = -6*r + 4*r + 100, 0 = -b - 5*r + 100. What are the prime factors of b?
2, 5
Suppose 6 = -3*n + 4*n. List the prime factors of n.
2, 3
Let f = -9 - -11. Suppose 13 = 3*t - f. Suppose t*v + 43 = 2*m, 14 = m + v - 4. What are the prime factors of m?
19
Let s = -207 - -298. What are the prime factors of s?
7, 13
What are the prime factors of (-12)/(117/260 - 6/10)?
2, 5
Suppose -3*t - 2*t - 40 = 0. Let v = 22 + t. List the prime factors of v.
2, 7
Suppose -6*u + 288 = -294. List the prime factors of u.
97
Let o(i) = -2*i + 5 + i - 2 - 3*i. Let v be o(6). Let j = 40 + v. List the prime factors of j.
19
Let y(w) = w**3 - 7*w**2 - 9*w + 10. Let f be y(8). List the prime factors of f/4 + (-325)/(-10).
3, 11
Let x = 90 - 51. What are the prime factors of x?
3, 13
Suppose -5 = a - 0*a. What are the prime factors of (-1)/a + 553/35?
2
Suppose -5*d + 4*j - 298 = 0, -5*j + 3 + 7 = 0. Let k = -28 - d. What are the prime factors of k?
2, 3, 5
Suppose 6*r - 66 = 84. What are the prime factors of r?
5
Suppose 5*b - 35 = 5*s, 9 = 2*b - 5*s - 17. What are the prime factors of (-1)/b - (-65)/15?
2
Let i(h) = -h**3 - 11*h**2 + 3*h - 4. Let c be i(-12). Suppose 4*n + 2*m - 106 = 0, -4*n - 3*m = -3 - c. What are the prime factors of n?
2, 13
Let j(o) = o**2 - o + 1. Let i(l) = -2*l + 1. Let s(q) = 3*i(q) - 2*j(q). Let m be s(-3). Let r = 15 + m. List the prime factors of r.
2, 5
Let i = -31 - -46. Let a = i + -4. List the prime factors of a.
11
Suppose 6 = -2*g + 42. Let i = -12 + g. List the prime factors of i.
2, 3
Suppose 2*u + 4*f + 18 = 0, 3 = -f - 0. Let t be (-2)/u + (-2)/(-6). What are the prime factors of t + 0 - 28/(-2)?
3, 5
Let l = 8 + -11. Let j(o) = 2*o**2 + 5*o + 3. List the prime factors of 